or of 3150 and 9?
9
What is the greatest common factor of 44 and 3003?
11
What is the highest common factor of 2 and 31?
1
Calculate the highest common factor of 688 and 4.
4
What is the greatest common factor of 96 and 588?
12
Calculate the highest common factor of 168 and 15.
3
Calculate the highest common divisor of 42 and 728.
14
What is the highest common divisor of 16 and 1?
1
What is the greatest common factor of 36 and 60?
12
Calculate the highest common factor of 2 and 640.
2
What is the greatest common divisor of 3333 and 8484?
303
Calculate the greatest common factor of 102 and 2.
2
Calculate the greatest common factor of 486 and 54.
54
Calculate the greatest common factor of 11 and 11143.
11
Calculate the highest common divisor of 672 and 105.
21
Calculate the highest common factor of 1848 and 12.
12
Calculate the greatest common factor of 1264 and 16.
16
Calculate the highest common divisor of 861 and 147.
21
Calculate the highest common factor of 136 and 16.
8
Calculate the highest common divisor of 14335 and 470.
235
What is the highest common divisor of 39 and 117?
39
What is the highest common divisor of 23 and 4163?
23
Calculate the highest common factor of 1717 and 202.
101
Calculate the highest common factor of 2123 and 33.
11
What is the greatest common factor of 7 and 9?
1
Calculate the greatest common divisor of 243 and 36.
9
Calculate the greatest common factor of 8118 and 66.
66
What is the highest common factor of 4387 and 82?
41
Calculate the highest common divisor of 198 and 54.
18
Calculate the greatest common divisor of 130 and 533.
13
Calculate the highest common divisor of 78 and 44733.
39
What is the greatest common divisor of 102 and 153?
51
Calculate the highest common divisor of 288 and 8544.
96
What is the greatest common factor of 618 and 18?
6
What is the greatest common factor of 43506 and 18?
18
Calculate the highest common factor of 44 and 7546.
22
What is the highest common factor of 158 and 10586?
158
Calculate the highest common divisor of 184 and 8.
8
What is the greatest common divisor of 9177 and 322?
161
What is the greatest common factor of 1312 and 152?
8
What is the highest common divisor of 80 and 520?
40
What is the greatest common divisor of 20 and 3530?
10
What is the highest common factor of 116 and 58?
58
What is the greatest common factor of 39 and 1066?
13
Calculate the highest common divisor of 90 and 30.
30
Calculate the highest common divisor of 1099 and 7379.
157
What is the greatest common divisor of 140 and 20?
20
Calculate the greatest common divisor of 51 and 2567.
17
What is the greatest common factor of 500 and 92?
4
What is the greatest common factor of 1890 and 15?
15
Calculate the highest common factor of 720 and 72.
72
Calculate the highest common factor of 1040 and 32.
16
Calculate the highest common divisor of 42 and 1029.
21
What is the greatest common factor of 264 and 6?
6
Calculate the highest common factor of 7240 and 180.
20
Calculate the greatest common divisor of 675 and 5130.
135
Calculate the greatest common factor of 90 and 25.
5
What is the greatest common factor of 5 and 355?
5
What is the highest common divisor of 1421 and 29?
29
Calculate the highest common divisor of 16237 and 13.
13
What is the greatest common factor of 164 and 4961?
41
What is the greatest common divisor of 234 and 2015?
13
Calculate the highest common factor of 180 and 1710.
90
Calculate the greatest common divisor of 80 and 144.
16
Calculate the highest common factor of 17 and 476.
17
Calculate the greatest common factor of 52706 and 146.
146
What is the highest common factor of 1100 and 400?
100
Calculate the highest common divisor of 10 and 6590.
10
Calculate the greatest common factor of 63 and 3969.
63
What is the highest common factor of 171 and 456?
57
Calculate the highest common divisor of 2793 and 63.
21
What is the highest common divisor of 86 and 215?
43
What is the greatest common factor of 800 and 288?
32
What is the highest common factor of 1620 and 20?
20
Calculate the greatest common factor of 168 and 120.
24
Calculate the highest common factor of 1 and 758.
1
What is the greatest common factor of 44 and 220?
44
Calculate the greatest common factor of 224 and 608.
32
Calculate the greatest common divisor of 7 and 2044.
7
Calculate the highest common divisor of 84 and 14532.
84
What is the highest common divisor of 57 and 6213?
57
Calculate the highest common factor of 13230 and 60.
30
What is the highest common divisor of 610 and 20?
10
Calculate the greatest common divisor of 33 and 4554.
33
What is the highest common factor of 15 and 110?
5
Calculate the highest common divisor of 265 and 1007.
53
Calculate the greatest common factor of 1308 and 360.
12
What is the greatest common divisor of 48 and 267?
3
What is the highest common factor of 32 and 1424?
16
Calculate the highest common factor of 126 and 28.
14
What is the highest common factor of 1081 and 47?
47
Calculate the greatest common divisor of 20 and 428.
4
What is the greatest common factor of 1793 and 4075?
163
Calculate the greatest common divisor of 13 and 36569.
13
Calculate the greatest common divisor of 114 and 426.
6
Calculate the greatest common factor of 98 and 1666.
98
What is the greatest common factor of 24 and 2448?
24
What is the highest common divisor of 6 and 1284?
6
What is the highest common divisor of 1883 and 6725?
269
Calculate the greatest common factor of 4995 and 135.
135
Calculate the greatest common divisor of 280 and 1760.
40
What is the greatest common divisor of 129 and 54051?
129
What is the highest common factor of 4365 and 45?
45
Calculate the greatest common factor of 36 and 243.
9
What is the greatest common factor of 17493 and 51?
51
Calculate the greatest common factor of 80 and 20.
20
What is the highest common factor of 799 and 17?
17
Calculate the highest common divisor of 20 and 220.
20
What is the greatest common factor of 106 and 18974?
106
Calculate the highest common factor of 1584 and 22.
22
Calculate the greatest common factor of 8 and 20.
4
Calculate the greatest common factor of 365 and 3.
1
Calculate the greatest common factor of 90 and 54.
18
What is the highest common factor of 56 and 406?
14
Calculate the greatest common factor of 57 and 6.
3
Calculate the highest common factor of 13375 and 25.
25
What is the highest common divisor of 6000 and 4560?
240
What is the highest common factor of 741 and 26?
13
Calculate the highest common divisor of 23 and 299.
23
Calculate the highest common factor of 1659 and 168.
21
What is the greatest common divisor of 7 and 2?
1
What is the greatest common factor of 53 and 5141?
53
What is the greatest common factor of 216 and 135?
27
What is the greatest common factor of 195 and 78?
39
Calculate the highest common factor of 720 and 192.
48
Calculate the greatest common factor of 3254 and 2.
2
What is the highest common factor of 354 and 1947?
177
What is the greatest common factor of 9 and 12681?
9
Calculate the greatest common divisor of 52 and 1664.
52
Calculate the greatest common divisor of 130 and 20.
10
What is the highest common divisor of 16 and 500?
4
Calculate the highest common factor of 9 and 8.
1
Calculate the greatest common factor of 2546 and 266.
38
Calculate the highest common factor of 3502 and 34.
34
Calculate the greatest common factor of 48 and 3200.
16
What is the greatest common divisor of 66 and 18?
6
What is the greatest common divisor of 32242 and 282?
94
Calculate the greatest common divisor of 21705 and 15.
15
Calculate the greatest common divisor of 5376 and 21.
21
What is the highest common factor of 22 and 11?
11
What is the greatest common divisor of 69 and 207?
69
Calculate the highest common factor of 32 and 12816.
16
Calculate the highest common factor of 10615 and 11.
11
What is the highest common divisor of 20 and 820?
20
Calculate the greatest common factor of 54 and 1269.
27
What is the greatest common factor of 132 and 48?
12
Calculate the greatest common factor of 455 and 273.
91
What is the highest common divisor of 13 and 1027?
13
What is the highest common factor of 92 and 7222?
46
Calculate the highest common factor of 1764 and 1953.
63
Calculate the highest common diviso